
In base 7, what is 2262 + 53?
2345
In base 7, what is 62 + 6304?
6366
In base 13, what is -11a40 - 4?
-11a44
In base 3, what is -12000 - -110110?
21110
In base 15, what is -3 - 52?
-55
In base 6, what is 4133 + 40?
4213
In base 10, what is 363031 - 5?
363026
In base 13, what is 4 - -409235?
409239
In base 12, what is -7a66 - -26?
-7a40
In base 5, what is -1331402 + 100?
-1331302
In base 8, what is -31476 + 103?
-31373
In base 8, what is -32 - 2761?
-3013
In base 12, what is 5 + 26b9?
2702
In base 3, what is -1020 + -1012120?
-1020210
In base 14, what is 210b4 - 19?
21099
In base 3, what is 12 + -1102210211111?
-1102210211022
In base 5, what is -34 + -24331144?
-24331233
In base 8, what is 4 - -44144?
44150
In base 16, what is -55a - f5?
-64f
In base 11, what is -1a11 - -16?
-19a6
In base 14, what is -c83a + 5?
-c835
In base 15, what is d53 - 19?
d39
In base 3, what is 112 + 11202111?
11210000
In base 10, what is 1771 - -80?
1851
In base 6, what is 1543431 - 24?
1543403
In base 5, what is 14 + 43013?
43032
In base 10, what is 4864 - -28?
4892
In base 8, what is -130704 - -4?
-130700
In base 10, what is -22 + 18322?
18300
In base 3, what is 12211112121 + 11?
12211112202
In base 2, what is 10100101110101011010000 + 101?
10100101110101011010101
In base 13, what is 478 - 19?
45c
In base 7, what is -11040 - -342?
-10365
In base 9, what is -53 + 418?
355
In base 16, what is f43 + -a?
f39
In base 7, what is 3 - -15664?
16000
In base 6, what is -20340455 - -1?
-20340454
In base 2, what is -111101 + 11000?
-100101
In base 12, what is 1757 - -172?
1909
In base 9, what is 11 + -47640?
-47628
In base 10, what is 1015 + 96?
1111
In base 12, what is 2 - 2a54?
-2a52
In base 5, what is 113122 + 244?
113421
In base 12, what is -131402 - 7?
-131409
In base 13, what is 3776 - 4?
3772
In base 15, what is -1 - -843c?
843b
In base 16, what is 5 + 4922d?
49232
In base 11, what is 34 - 22a49?
-22a15
In base 8, what is -54 - 126342?
-126416
In base 13, what is -5 + 6274?
626c
In base 8, what is -55353 + 13?
-55340
In base 14, what is 9 + 4744?
474d
In base 14, what is -409563 - -1?
-409562
In base 4, what is -113 + -202200000?
-202200113
In base 2, what is 1011011111110 + 0?
1011011111110
In base 6, what is 4 - 11555452?
-11555444
In base 12, what is -288 + 320b?
2b43
In base 4, what is 12311 + 110202?
123113
In base 3, what is -102 - -21020111201?
21020111022
In base 2, what is 10101111 + 1111100011110?
1111111001101
In base 6, what is 4155 + 2541?
11140
In base 13, what is 4bc6 + 36?
4c2c
In base 7, what is 64 + -625?
-531
In base 13, what is -3090 - -175?
-2c18
In base 7, what is 3161110 + 5?
3161115
In base 5, what is 240230 + 12?
240242
In base 11, what is 75656 - -2?
75658
In base 13, what is -19903 + 8?
-198c8
In base 13, what is -1c451 - -5?
-1c449
In base 7, what is -2331 + -1666?
-4330
In base 5, what is -10 + -24122?
-24132
In base 8, what is 521 + -3557?
-3036
In base 3, what is -10 + 120012201?
120012121
In base 5, what is -1 - 344043?
-344044
In base 16, what is -12b3 + 6c?
-1247
In base 4, what is 0 + -112101303?
-112101303
In base 6, what is -14331 + -501?
-15232
In base 10, what is 0 + -49043?
-49043
In base 4, what is 13 + 10122?
10201
In base 16, what is -5 - -1477?
1472
In base 9, what is 22 - 305?
-273
In base 6, what is -3 - 13430020?
-13430023
In base 16, what is 31b + -12?
309
In base 16, what is 14c42 + 38?
14c7a
In base 11, what is 352a8 - -45?
35342
In base 7, what is -245 - 24544?
-25122
In base 15, what is eda + -6?
ed4
In base 7, what is -236240 - 0?
-236240
In base 5, what is -12330342 + -12?
-12330404
In base 7, what is 3043 + -31?
3012
In base 5, what is -4 + -431420?
-431424
In base 16, what is -56 - 176?
-1cc
In base 3, what is -102121211202 - -10?
-102121211122
In base 7, what is 312 + -115?
164
In base 12, what is 1a + -105b?
-1041
In base 9, what is 0 - 70470?
-70470
In base 11, what is 569 - -1a8?
766
In base 7, what is -5 - -145031?
145023
In base 4, what is 110 - -1013301?
1020011
In base 10, what is 1 + 23744?
23745
In base 9, what is -178 + -5424?
-5613
In base 10, what is 0 + 25629?
25629
In base 16, what is -f026d - -3?
-f026a
In base 12, what is -4 - -2098?
2094
In base 11, what is -57 - 4122?
-4179
In base 16, what is -97 + -50?
-e7
In base 9, what is -4383 - -11?
-4372
In base 12, what is -389 + -48?
-415
In base 7, what is -51015 - -325?
-50360
In base 14, what is -adc + 202?
-8da
In base 6, what is 4235023 + -4?
4235015
In base 7, what is 211535 + -4?
211531
In base 13, what is -1c3 - 302?
-4c5
In base 16, what is -79dfe - -b?
-79df3
In base 4, what is 310312313 + 1?
310312320
In base 5, what is -13432 - 112?
-14044
In base 7, what is -21 + -16450?
-16501
In base 10, what is -27637 + 31?
-27606
In base 10, what is -3 + 27413?
27410
In base 16, what is -5f9 - 31?
-62a
In base 16, what is 43bc4 - -4?
43bc8
In base 2, what is 11000111 - 10111010?
1101
In base 2, what is 1011100100 + -100001111?
111010101
In base 11, what is 94a - -10?
95a
In base 8, what is -6642 + -336?
-7200
In base 5, what is 20 - 1414?
-1344
In base 15, what is -175 + -70?
-1e5
In base 2, what is -10 - 10000111110011100?
-10000111110011110
In base 5, what is -112 - 1022240?
-1022402
In base 13, what is 27 + -3044?
-301a
In base 14, what is a - 136ad?
-136a3
In base 7, what is 55402 - -10?
55412
In base 11, what is -37759 - 1?
-3775a
In base 4, what is 3 - 3021313?
-3021310
In base 15, what is 16 + -4ec1?
-4eaa
In base 10, what is 409965 - -1?
409966
In base 16, what is 41fa + -5?
41f5
In base 12, what is -3b4 - 97?
-48b
In base 6, what is -5 + -512441?
-512450
In base 5, what is 3431404 - -11?
3431420
In base 9, what is 3 + -10248?
-10245
In base 6, what is -1 - 24154?
-24155
In base 7, what is -2 + -336446?
-336451
In base 15, what is a7d5e - -2?
a7d61
In base 5, what is -402213 + 41?
-402122
In base 5, what is -3 + -10301121?
-10301124
In base 10, what is 9 - -172296?
172305
In base 16, what is -f - 2ae1?
-2af0
In base 13, what is -3 - -30497?
30494
In base 12, what is b4 + -353?
-25b
In base 3, what is 10 - 2120211221?
-2120211211
In base 2, what is 10101101000111 - -1011111?
10101110100110
In base 3, what is -12022 - -1111122?
1022100
In base 14, what is 15142 + -18?
15128
In base 16, what is -4 - -8f3e3?
8f3df
In base 6, what is -3 + 100221?
100214
In base 2, what is 1100100 - 10111000?
-1010100
In base 12, what is 12 - a115?
-a103
In base 2, what is -1011100011010 - 111?
-1011100100001
In base 6, what is 24 + 15004?
15032
In base 7, what is 44366 + 4?
44403
In base 16, what is -1 - 131f?
-1320
In base 11, what is 866 + -12a?
737
In base 3, what is -1 - 2122221201?
-2122221202
In base 2, what is 111 + 10101111101110?
10101111110101
In base 6, what is -5 + 512312?
512303
In base 2, what is 110101011000000111 - 101?
110101011000000010
In base 4, what is -220 - 1123203?
-1130023
In base 6, what is -34303 - 1155?
-35502
In base 12, what is -a139 - -5?
-a134
In base 2, what is -101 + -1000110001001111?
-1000110001010100
In base 12, what is 4 + 17026?
1702a
In base 13, what is 3 + -33a5?
-33a2
In base 15, what is 341 + 1?
342
In base 16, what is 1c0 + -13?
1ad
In base 11, what is -46a2 + 5?
-4698
In base 3, what is 2 - -2101102221?
2101110000
In base 12, what is 2 - -33095?
33097
In base 13, what is -3 + -20a7a?
-20a80
In base 2, what is 11100011010100011110 + 100?
11100011010100100010
In base 12, what is 13 + -4ab7?
-4aa4
In base 8, what is 4157477 + 0?
4157477
In base 13, what is -c - -564c?
5640
In base 6, what is 2445031 - -3?
2445034
In base 8, what is 2032 + -21?
2011
In base 16, what is -142f5 - -5?
-142f0
In base 6, what is 25434 - 120?
25314
In base 12, what is -1822 + -188?
-19aa
In base 10, what is 2 + 18987?
18989
In base 12, what is 1 + 193867?
193868
In base 3, what is 11010 - -211120?
222200
In base 6, what is 1324 - 311?
1013
In base 16, what is -6 + -a8?
-ae
In base 12, what is 741 + -76?
687
In base 8, what is -137606 + 5?
-137601
In base 9, what is -12645 + 1?
-12644
In base 12, what is -25027 + -6?
-25031
In base 14, what is -5b4 - 6?
-5ba
In base 13, what is 22792 - 7?
22788
In base 8, what is -61747 - 21?
-61770
In base 9, what is 5 + 71613?
71618
In base 6, what is 121 + 114311?
114432
In base 8, what is 12 + 44375?
44407
In